 f(-3).
-2
Let d(f) = f**2 - 2*f - 29. What is d(6)?
-5
Let g(i) = -i**2 - 27*i - 14. Determine g(0).
-14
Let d(p) = p**3 - 5*p**2 - 3*p - 14. Determine d(6).
4
Let t(y) = -3*y**3 + 3*y**2 + 4. Determine t(2).
-8
Let t(q) = q**3 + 10*q**2 - 58*q + 25. Give t(4).
17
Let d(j) = -10*j + 11. Give d(1).
1
Let k(l) = l**2 - 8*l + 15. Calculate k(7).
8
Let a(w) = w**2 + 8*w - 8. What is a(-8)?
-8
Let s(l) = -l - 5. Determine s(-5).
0
Let o(a) = 61*a + 294. Give o(-5).
-11
Let g(t) = 19*t + 33. Give g(-6).
-81
Let z(f) = f**2 + 16*f + 42. Determine z(-7).
-21
Let j(w) = 2*w - 14. What is j(7)?
0
Let o(i) = i**3 - 10*i**2 + 7*i + 15. Calculate o(9).
-3
Let n(s) = 20*s - 1. Give n(-2).
-41
Let d(f) = f**3 - 4*f**2 + 4*f + 1. Calculate d(3).
4
Let i(h) = -h**3 - 16*h**2 + 14*h - 41. Give i(-17).
10
Let y(o) = -o**3 - 15*o**2 + 18*o + 40. Calculate y(-16).
8
Let z(g) = 62*g + 8. Calculate z(-2).
-116
Let p(h) = 8*h + 81. What is p(-18)?
-63
Let g(z) = 27*z + 20. Calculate g(-1).
-7
Let k(r) = -r**2 - 7*r - 5. Determine k(-8).
-13
Let l(h) = h - 8. Calculate l(3).
-5
Let l(s) = 16*s**2 - 10*s + 9. Give l(1).
15
Let j(l) = l**2 - 23*l - 77. Give j(26).
1
Let t(n) = -n**3 - 8*n**2 + 9*n - 11. Calculate t(-9).
-11
Let h(y) = -5*y**2 - 10*y - 8. Give h(-1).
-3
Let s(y) = -y**2 - y - 24. Determine s(0).
-24
Let r(k) = -2*k**3 - 3*k + 2. What is r(3)?
-61
Let r(y) = 4*y + 77. Determine r(-19).
1
Let w(x) = -2*x**2 + x + 5. Determine w(0).
5
Let d(h) = h**2 - 44*h + 309. What is d(35)?
-6
Let u(d) = d**3 + 10*d**2 - 10*d + 8. Give u(-11).
-3
Let i(a) = -a**3 - 7*a**2 + a - 2. Calculate i(-7).
-9
Let m(i) = 71*i - 57. Give m(1).
14
Let p(q) = -q**2 + 3*q + 21. Determine p(7).
-7
Let l(g) = 2*g - 21. What is l(0)?
-21
Let k(v) = -v**3 + 6*v**2 - 6. Give k(6).
-6
Let q(y) = -y**2 + 3*y + 1. Calculate q(8).
-39
Let b(p) = -p**2 - 3*p + 16. Determine b(4).
-12
Let b(g) = -6*g - 55. What is b(-14)?
29
Let o(j) = 4*j + 4. Calculate o(6).
28
Let q(b) = -59*b**3 + b**2 - 3*b + 2. Calculate q(1).
-59
Let b(k) = -k**3 - 22*k - 10. Calculate b(0).
-10
Let a(l) = l**2 + 11*l - 8. Give a(-11).
-8
Let q(w) = -185*w - 554. What is q(-3)?
1
Let r(t) = -16*t - 9. Calculate r(0).
-9
Let m(b) = b**2 + 9*b + 8. What is m(-6)?
-10
Let d(c) = 11*c + 1. What is d(-4)?
-43
Let z(v) = 4*v + 5. Calculate z(-2).
-3
Let b(n) = n - 13. Determine b(12).
-1
Let z(w) = w**3 + 6*w**2 + w + 1. Determine z(-4).
29
Let t(j) = j**2 + 3*j - 266. What is t(-18)?
4
Let a(m) = -3*m - 1. Calculate a(-2).
5
Let s(a) = -a**3 - 4*a**2 + 2*a - 4. What is s(-6)?
56
Let v(s) = 2*s**3 + 5*s**2 + 2*s. What is v(-3)?
-15
Let f(y) = -2*y + 13. Give f(-9).
31
Let s(w) = 11*w - 74. What is s(6)?
-8
Let n(l) = -8*l**2 + 15*l + 21. Determine n(-1).
-2
Let n(u) = 25*u - 136. Calculate n(6).
14
Let k(p) = p**2 + p - 1. What is k(1)?
1
Let f(h) = -h - 4. Determine f(-4).
0
Let u(q) = -q. Give u(-1).
1
Let r(q) = -q**3 + 9*q**2 - 15*q + 1. Determine r(5).
26
Let z(i) = -i**3 + 6*i**2 + 54*i + 8. Give z(11).
-3
Let f(k) = k**2 + 5*k + 35. What is f(-6)?
41
Let d(j) = 2*j**2 + 7*j + 2. Calculate d(-6).
32
Let m(a) = 3*a + 26. Calculate m(-10).
-4
Let f(m) = -13*m + 46. Calculate f(5).
-19
Let m(r) = -4*r + 1. Calculate m(-2).
9
Let n(r) = 7*r**2 - 18*r - 2. Determine n(2).
-10
Let a(o) = o - 6. Determine a(6).
0
Let h(i) = -i**3 - 3*i**2 - 15*i - 14. Give h(-1).
-1
Let r(x) = 2*x - 20. Determine r(8).
-4
Let k(y) = -3*y**2 - 25*y - 1. Determine k(-7).
27
Let u(s) = 7*s + 279. Give u(-39).
6
Let p(h) = -22*h + 61. Determine p(3).
-5
Let k(u) = -16*u + 22. Calculate k(6).
-74
Let h(t) = -t**2 + 12*t - 7. What is h(7)?
28
Let p(b) = -18*b - 10. What is p(5)?
-100
Let b(y) = -y**3 + y**2 + 5*y. Calculate b(0).
0
Let a(d) = 2*d**2 + 9*d - 37. Determine a(3).
8
Let n(x) = 2*x + 23. Give n(5).
33
Let o(i) = 3*i**3 - i**2 + i - 3. Calculate o(2).
19
Let o(b) = 17*b - 2. What is o(-4)?
-70
Let g(x) = 9*x + 22. Calculate g(-8).
-50
Let n(m) = 3*m**2 - 5*m + 10. Calculate n(2).
12
Let v(p) = -12*p + 18. Calculate v(4).
-30
Let w(h) = h**3 + 4*h**2 + 3*h - 1. Give w(-2).
1
Let u(z) = -6*z - 4. Give u(-2).
8
Let f(x) = -x**2 + 6*x - 3. What is f(6)?
-3
Let d(y) = 2*y**3 - 2*y. Determine d(2).
12
Let u(n) = 2*n**2 + 23*n + 8. Determine u(-8).
-48
Let a(z) = -z**3 - 11*z**2 + z - 1. Calculate a(-11).
-12
Let p(x) = -x**3 + 9*x**2 + 3*x + 5. What is p(5)?
120
Let v(h) = 15*h - 92. Determine v(11).
73
Let r(b) = b**2 + 11*b + 8. Calculate r(-5).
-22
Let j(g) = -2*g - 4. What is j(3)?
-10
Let v(z) = -2*z**2 - 29*z + 2. Calculate v(-9).
101
Let h(s) = s**3 + s**2 - 180*s - 25. Give h(13).
1
Let p(j) = -j - 15. Calculate p(-33).
18
Let i(x) = -5*x**2 - 15*x - 12. Determine i(-6).
-102
Let c(z) = z**3 - 9*z**2 - 14*z + 204. What is c(7)?
8
Let i(f) = f - 22. Determine i(0).
-22
Let d(y) = 8*y - 6. Give d(-3).
-30
Let v(l) = l**2 - l - 2. Give v(2).
0
Let a(s) = -5*s + 77. Give a(17).
-8
Let p(a) = 2*a**3 + 40*a**2 - 2*a - 32. Calculate p(-20).
8
Let v(i) = -i**3 - 5*i**2 - 6*i - 4. What is v(-4)?
4
Let n(u) = 3*u**3 + 4*u**2 - 11*u - 6. Give n(-3).
-18
Let a(q) = q**2 + 5*q - 2. Determine a(-5).
-2
Let p(k) = -4*k**3 - 75*k**2 + 20*k + 22. Determine p(-19).
3
Let l(k) = k**3 - 2*k**2 - 7*k + 5. Give l(3).
-7
Let h(x) = -x + 13. Give h(21).
-8
Let r(i) = i - 1. Give r(3).
2
Let h(m) = m**3 + 7*m**2 + 23*m + 40. Calculate h(-4).
-4
Let t(x) = 3*x**2 - 9*x - 1. Determine t(4).
11
Let i(h) = -h**3 - 4*h**2 - 3*h + 5. Give i(-4).
17
Let r(a) = a**3 - 18*a**2 + 29*a + 34. Determine r(16).
-14
Let g(w) = -w**2 - 7*w + 7. Give g(-6).
13
Let h(k) = -k**3 + 9*k**2 - 11*k + 35. Give h(8).
11
Let s(r) = r**3 + 9*r**2 - 12*r - 89. Determine s(-9).
19
Let o(n) = -n**3 + 18*n**2 - 24*n + 8. What is o(16)?
136
Let o(l) = 16*l - 46. Determine o(3).
2
Let f(v) = v**2 - 22*v + 81. Calculate f(4).
9
Let h(g) = -5*g + 7. Give h(-3).
22
Let a(d) = -48*d - 186. What is a(-4)?
6
Let t(s) = -s**2 + 13*s - 28. Determine t(12).
-16
Let v(n) = n**2 - 12*n - 50. Determine v(15).
-5
Let k(d) = d**2 - 12*d - 27. What is k(11)?
-38
Let g(q) = -q**3 + q**2 - q + 2. Determine g(2).
-4
Let t(z) = 2*z**3 + 53*z**2 - 26*z + 29. Calculate t(-27).
2
Let y(j) = -j - 7. Give y(-4).
-3
Let w(m) = m + 27. Determine w(-10).
17
Let k(r) = -6*r + 2. Calculate k(-6).
38
Let q(w) = -2*w**2 - 37*w + 20. Determine q(-19).
1
Let x(o) = o**3 + 7*o**2 - 5*o + 6. What is x(-8)?
-18
Let f(o) = -o**2 - 9*o - 15. Determine f(-6).
3
Let c(j) = -2*j - 6. Give c(11).
-28
Let k(x) = -x - 11. Determine k(-16).
5
Let i(a) = a**3 - 6*a**2 + 2*a + 6. Determine i(5).
-9
Let f(n) = 4*n + 7. What is f(-2)?
-1
Let g(v) = v**3 + 7*v**2 - 20*v - 15. Determine g(-9).
3
Let s(o) = -o**2 - 8*o - 10. Determine s(-4).
6
Let b(q) = 19*q - 299. Calculate b(15).
-14
Let m(k) = 15*k - 144. Determine m(10).
6
Let w(f) = -f**3 - 8*f**2 + 35*f + 10. Give w(-11).
-12
Let m(b) = 3*b**2 - 3*b + 4. Determine m(1).
4
Let o(t) = -t + 9. Determine o(8).
1
Let n(x) = -21*x - 3. Determine n(-3).
60
Let v(n) = 17*n + 1. Calculate v(3).
52
Let a(r) = 2*r - 55. Give a(-13).
-81
Let s(m) = m**3 - 12*m**2 + 24*m - 45. What is s(10)?
-5
Let h(f) = f**2 - 23*f + 24. Give h(22).
2
Let o(v) = -v**2 + 9*v - 40. Calculate o(3).
-22
Let l(h) = h**3 + 14*h**2 - 15*h. What is l(-15)?
0
Let w(r) = 5*r - 234. What is w(47)?
1
Let c(y) = y**3 - 16*y**2 + 8*y - 141. What is c(16)?
-13
Let q(b) = -10*b**2 + 102*b - 25. Give q(10).
-5
Let s(z) = z**3 - 6*z**2 + 7*z + 12. Determine s(4).
8
Let l(a) = 5*a + 1. What is l(5)?
26
Let z(q) = -2*q**2 - 4*q - 3. Calculate z(-2).
-3
Let s(k) = 75*k**3 + k + 2. Give s(-1).
-74
Let x(t) = -2*t - 15. Calculate x(-11).
7
Let h(j) = -j**3 + 11*j**2 - 12*j - 1. Determine h(10).
-21
Let j(z) = 2*z**3 - 9*z**2 + 7*z - 9. Determine j(4).
3
Let o(l) = -2*l**3 - 2*l**2 - l. What is o(-1)?
1
Let o(q) = -18*q. Calculate o(3).
-54
Let p(h) = 27*h + 38. Determine p(-2).
-16
Let k(n) = 218*n - 213. Calculate k(1).
5
Let s(b) = b**2 - 19*b + 54. Give s(9).
-36
Let j(x) = -8*x - 12. Give j(-3).
12
Let n(v) = -9*v - 9. What is n(-3)?
18
Let n(i) = -2*i**3 + 1. Give n(1).
-1
Let a(x) = x**3 + x**2 + 2*x - 82. What is a(0)?
-82
Let c(l) = l**3 + 8*l**2 + 14*l + 12. Give c(-6).
0
Let w(f) = f**2 + 41*f - 87. Calculate w(-43).
-1
L